{"id":32,"date":"2024-08-01T08:43:01","date_gmt":"2024-08-01T06:43:01","guid":{"rendered":"https:\/\/www.martin-ritter.net\/?page_id=32"},"modified":"2024-08-02T17:22:06","modified_gmt":"2024-08-02T15:22:06","slug":"impressum","status":"publish","type":"page","link":"https:\/\/www.martin-ritter.net\/?page_id=32","title":{"rendered":"Impressum"},"content":{"rendered":"\n<p>Martin Ritter<br>Flurstra\u00dfe 26 in 95367 Trebgast<br>E-Mail martin.ritter@t-online.de<br>Telefon +49 170 541 16 51<\/p>\n\n\n\n<p><\/p>\n\n\n\n<p>Bildrechte, wenn nicht anders angegeben: Martin Ritter<br><br>Urheberrecht: Sollten Sie feststellen, da\u00df auf unserer Website (z.Bsp. durch Verwendung eines Ihrer Fotos) das Urheberrecht Ihrer Meinung nach verletzt wird, weisen Sie uns bitte darauf hin und teilen uns entsprechend Ihre Feststellung mit. Wir werden den Sachverhalt schnellstens pr\u00fcfen und entsprechend handeln. Keine Abmahnung ohne vorherige Kontaktaufnahme!<\/p>\n\n\n\n<p><strong>Haftungsausschluss<\/strong><br><br>Die Inhalte unserer Website wurden sorgf\u00e4ltig und nach bestem Gewissen erstellt. Gleichwohl kann f\u00fcr die Aktualit\u00e4t, Vollst\u00e4ndigkeit und Richtigkeit s\u00e4mtliche Seiten keine Gew\u00e4hr \u00fcbernommen werden. Gem\u00e4\u00df \u00a7 7 Abs. 1 TMG sind wir als Diensteanbieter f\u00fcr eigene Inhalte auf diesen Seiten nach den allgemeinen Gesetzen verantwortlich. Wir sind als Diensteanbieter nach den \u00a7\u00a7 8 bis 10 TMG jedoch nicht verpflichtet, \u00fcbermittelte oder gespeicherte fremde Informationen zu \u00fcberwachen.<br>Ab dem Zeitpunkt der Kenntnis einer konkreten Rechtsverletzung erfolgt eine umgehende Entfernung dieser Inhalte durch uns. Eine diesbez\u00fcgliche Haftung kann erst ab dem Zeitpunkt der Kenntniserlangung \u00fcbernommen werden.<br><br>Keine Abmahnung ohne vorherige Kontaktaufnahme!<\/p>\n","protected":false},"excerpt":{"rendered":"<p>Martin RitterFlurstra\u00dfe 26 in 95367 TrebgastE-Mail martin.ritter@t-online.deTelefon +49 170 541 16 51 Bildrechte, wenn nicht anders angegeben: Martin Ritter Urheberrecht: Sollten Sie feststellen, da\u00df auf unserer Website (z.Bsp. durch Verwendung eines Ihrer Fotos) das Urheberrecht Ihrer Meinung nach verletzt wird, weisen Sie uns bitte darauf hin und teilen uns entsprechend Ihre Feststellung mit. Wir werden [&hellip;]<\/p>\n","protected":false},"author":1,"featured_media":0,"parent":0,"menu_order":0,"comment_status":"closed","ping_status":"closed","template":"","meta":{"footnotes":""},"class_list":["post-32","page","type-page","status-publish","hentry"],"_links":{"self":[{"href":"https:\/\/www.martin-ritter.net\/index.php?rest_route=\/wp\/v2\/pages\/32","targetHints":{"allow":["GET"]}}],"collection":[{"href":"https:\/\/www.martin-ritter.net\/index.php?rest_route=\/wp\/v2\/pages"}],"about":[{"href":"https:\/\/www.martin-ritter.net\/index.php?rest_route=\/wp\/v2\/types\/page"}],"author":[{"embeddable":true,"href":"https:\/\/www.martin-ritter.net\/index.php?rest_route=\/wp\/v2\/users\/1"}],"replies":[{"embeddable":true,"href":"https:\/\/www.martin-ritter.net\/index.php?rest_route=%2Fwp%2Fv2%2Fcomments&post=32"}],"version-history":[{"count":2,"href":"https:\/\/www.martin-ritter.net\/index.php?rest_route=\/wp\/v2\/pages\/32\/revisions"}],"predecessor-version":[{"id":52,"href":"https:\/\/www.martin-ritter.net\/index.php?rest_route=\/wp\/v2\/pages\/32\/revisions\/52"}],"wp:attachment":[{"href":"https:\/\/www.martin-ritter.net\/index.php?rest_route=%2Fwp%2Fv2%2Fmedia&parent=32"}],"curies":[{"name":"wp","href":"https:\/\/api.w.org\/{rel}","templated":true}]}}